-1049)?
14
What is ((-152 - -151) + 0 + -12 - -39) + 10 - -6?
42
What is 63 + (-21 - (-23 + (-12 + 3 - -20)))?
54
9 - ((-13 - ((-11 - -13 - 8) + -53)) + 6)
-43
What is the value of -3 - (0 + 4) - (25 - -17 - 41)?
-8
21 + -1 + (19 - (13 - -19))
7
What is 3 + 59 + (-1290 - -1204)?
-24
(70 - 89) + -1 - 32
-52
0 - (-2 - 1) - (77 - (121 + -8))
39
What is -4 - 1 - (517 + -522 + -3 + (18 - 4))?
-11
What is the value of -16 + (-2 - (-38 - -12)) - (1 + 5 - -1)?
1
Calculate 4 + -26 + 26 - 49.
-45
What is the value of -166 + (42 - (-2 + 33)) - (2 + -6)?
-151
(1 - 51) + (17 - (-7 + -5)) + -34
-55
What is (36 - 20) + -1 + 25?
40
-4 + 3 - (452 + -402)
-51
40 + -38 + (5 + -11 - (9 + (-1 - 77)))
65
Calculate -6 + -1 + -16 - -3 - (-6 + 23 + -19).
-18
Evaluate -6 + 2 - (573 - 580).
3
What is the value of 100 - 90 - (-1 + 75 + 0)?
-64
Evaluate (-3 - (-4 - -1)) + (88 - 57).
31
Calculate (-83 - (-120 - -129)) + -12.
-104
What is the value of -77 - 0 - (-3295 - -3285)?
-67
What is 48 - (6 - -19) - 27 - -43?
39
(-22 - 12) + (2 - -20)
-12
What is -79 - (99 - (67 - -108))?
-3
Evaluate 167 - (74 - (42 + -20)) - (-12 + -1 + -1).
129
Calculate -4 + -81 + -12 + (6 - (-29 + 11)) + -1.
-74
Evaluate 9 + (-7 - 1) + -10 + -3 - -44.
32
Evaluate 1 + -31 - (1715 - 1724).
-21
Evaluate -1 + -41 + -3 + 115 + 4.
74
What is 307 + -75 - 216 - (51 - (0 - 2))?
-37
-129 + -65 + (143 - 7)
-58
What is the value of (-29 + 18 - -31) + -26 - -13?
7
What is the value of (-11 - 5) + (303 - 299) - 61?
-73
What is (44 - 19) + 3 + -7 - (-105 - -103)?
23
10 - ((-43 - -31) + -8)
30
-27 + 40 + -33 + 5 + 2 + -6
-19
(3 - 2) + 28 + (228 - 219)
38
-2 + 6 + -33 - (381 + -409)
-1
-79 - (53 - (50 - -32))
-50
What is the value of -31 + 18 + 15 + 0 + (-5 - -49)?
46
What is -7 + 7 + (-4 - (5 + (3 - -1)))?
-13
-29 + 7 + 5 - (-20 + -5)
8
What is the value of (0 + 4 - -3) + -20 + -35 + 9?
-39
Evaluate (34 - 0 - (-2458 - -2506)) + (4 - (0 - -1)).
-11
What is the value of 6 + (-2 - (-1 + -7)) - (8 + -52 + 0)?
56
What is the value of (20 + -97 - -93) + (0 + -35 - (1 + -3))?
-17
What is the value of -6 - ((-114 - (30 + -15)) + 40)?
83
What is the value of -72 + (-9 - (-17 - -30)) - (-20 - -3)?
-77
What is -787 - -794 - (8 + 4 + -3)?
-2
(-49 - (86 - 128)) + -69
-76
Evaluate 2655 + -2657 + (-27 - -2).
-27
Calculate -43 + 125 + -116 + 2 + (1 - 0).
-31
What is 131 + -17 - (497 + -361)?
-22
(4 - 3) + (45 - 1) - (-999 + 1011)
33
Evaluate (90 - 91) + 7 + -8 + -2 + 1 - -4.
1
What is (29 - 4) + (-49 - -63) - (6 + 1)?
32
What is the value of 10 - (-5 + (-1 - 11 - -9) + 13 + 10)?
-5
What is 2 - -10 - (-8 + (22 - (8 - -2 - 7)))?
1
What is 16 + (-2 - 9 - -8) + -1 + 13?
25
-3 + -2 + (100 + -22 + 7 - 14)
66
6 - 5 - -24 - 20 - (56 - (-2 - -1))
-52
Calculate -85 + (49 - -20) + -21.
-37
What is 0 + (-7 + 13 - 18)?
-12
Evaluate (3786 - 3937) + (1 - -152).
2
What is -6 + (27 - 13 - (-2 + -18))?
28
Calculate 27 + -132 - (-168 + 62).
1
What is the value of -22 - ((-27 + 9 - -28) + -92)?
60
-61 - 9 - (19 + (-26 - 2) - (1 - 5))
-65
Calculate -42 - -51 - -42 - 51.
0
What is -27 + -1 - (47 + (19 + -40 - 32))?
-22
8 + 26 + -31 + -24 - 23
-44
What is 15 + -15 - (9 - 11 - 9)?
11
Evaluate 96 - (134 + -44) - -30.
36
-68 + (6 + -1 - (17 - -2 - 29))
-53
Evaluate (-39 + -3 - -77) + -90.
-55
14 + 28 + -38 + (-66 - (0 + 1))
-63
1996 - 1987 - (-4 - -76)
-63
66 - 11 - 49 - (-19 - 6)
31
What is (0 - -31) + -3474 + 3453 + 8?
18
What is the value of 32 + (5 - (10 + -5)) + -7?
25
Calculate (20 - (-28 - 24)) + -13.
59
Calculate -24 + (-33 - (11 + -12)) + 33.
-23
75 + (23 - 109) + -3 + 50
36
What is -1 + -12 + 5 + (14 - (23 - 9)) + -32?
-40
Evaluate -327 - -354 - (117 - (0 - -12)).
-78
What is -4 + 1 - ((-5 - -53) + -62) - -13?
24
What is (-796 - -828) + (-12 - -11)?
31
What is -2 - -89 - (-7 - 4 - (2 + -7 + -10))?
83
Evaluate -14 + (-301 + 293 - (0 - (2 - 0))).
-20
Evaluate 17 + -17 + 1 + -5 + 6.
2
What is 64 - (45 - 47) - (4 - 11 - -3)?
70
What is (11 - -1 - 1) + 13 + (-14 - (35 + -25))?
0
What is the value of 55 - (105 + -77) - -4?
31
109 + 44 + -3 + 0 + -55 + 36
131
What is the value of 85 + (-25 - (11 - 21)) + (-57 - -39)?
52
Evaluate (-12 - -10) + 20 - (-5 - ((4 - 7) + -5)).
15
(10 - -9) + -19 - -22 - -17
39
(-113 - 1) + (663 - 600)
-51
What is -46 + 9 + 9 - -46?
18
What is (-18 + 26 - -1) + -22 - 7?
-20
Calculate 24 - (-32 - -29) - 32 - 64.
-69
(4 - 41) + -3 + 5 + -371 + 383
-23
What is (2606 - 2703) + (-1 - -128)?
30
What is 12 + (30 - 22) + 5?
25
(-519 + 521 - (-1 + -8)) + 15
26
-8 + -2 + (-6 - -27)
11
Evaluate -4 + -3 + 7 + (-32 - 14).
-46
58 + -10 + (-15 - (-9 - 1 - -3))
40
(-23 - (-37 - -41)) + -8 + 0
-35
Evaluate 9 + 1 + 6 + 1 + -83 + 8 + 3.
-55
What is the value of 223 - 246 - (-2 + (6 - -2) - (1 + -4))?
-32
Evaluate -1 + (1 + -15 + -1 - (5697 + -5722)).
9
Calculate 17 + -8 + (30 - 19) + -48.
-28
Calculate -19 + (3 - ((-6 - (9 - 10)) + 7)).
-18
What is the value of 3 + -4 + (-2 - (12 - 11)) - (44 - 3)?
-45
What is the value of -79 + 2 + -63 + 89?
-51
16 + (6 - 7) + (20 - 21) + 3 + -11
6
What is the value of -1629 - -1633 - (8 + -2 + 1)?
-3
What is (93 - -6) + (183 - 283)?
-1
What is the value of (-64 - -3) + 36 + -32 + (-5 - 23)?
-85
What is the value of -13 + 60 + -87 + 59?
19
What is the value of -43 - (-78 + (65 - 24))?
-6
Evaluate 8 + 3 + -2 - (-4 + 9 + 50 + -49).
3
Evaluate (10 + 2 - 5) + -17 + 16 + (0 - 73).
-67
Evaluate (0 - 55) + -18 + (6 - 1) + -19 + 20.
-67
What is -19 + -45 + (2 - (-23 + 1))?
-40
Evaluate (-97 - (-71 - -28) - -59) + (-1 - -1) + -14.
-9
Calculate -30 - 1 - (-13 - (-29 - -22)).
-25
Calculate 11 - ((-33 - 2) + (19 + 1 - 10)).
36
What is the value of 4 - (-47 + -48 + 55)?
44
-13 - (-9 + -12) - -3 - 17
-6
What is -26 + -18 - (2 - ((2 - 3) + 13))?
-34
What is 3 - (-16 + 8) - (648 + -695)?
58
What is (-5 + 5 + -8 - (-75 + 49)) + -1?
17
Evaluate -12 - (-19 - (3 + 55 - 8)).
57
What is the value of -113 + 6 + -4 + -9 + 27 + -13 + -19?
-125
Evaluate 31 + (-10 - (-21 + 3 + 26)).
13
What is -2 + 19 - (66 + (-121 - -62)) - 114?
-104
-10 + (-10 - ((-5 - 3) + 4) - -58) + 6
48
Evaluate -11 + (1 - ((-4 - -2) + 2 + 13)).
-23
Calculate -2 + -28 - (-21 + (-48 - -59)).
-20
Evaluate 1 + (-3621 + 3612 - (20 - (0 + (1 - -1)))).
-26
Calculate -4 + -16 + 63 + (-7 - 11).
25
34 - (8 - 24 - -51)
-1
What is (-18 + (-22 - -27) - -24) + 22?
33
Calculate (-361 - -317) + (19 - 46).
-71
Calculate (-44 - -7) + 100 - 47.
16
Calculate 26 + -34 + 27 + -13 + 2.
8
Calculate ((-7 - -22) + (5 - (16 - 4)) - 5) + -121.
-118
Calculate -28 - (-76 + -20 - -57) - (-2 - -14).
-1
(1 - -13) + (-3537 + 3537 - (0 - (-48 - -1)))
-33
Calculate 0 + -15 + (5 - 28).
-38
Evaluate -22 - -2 - 6 - (-44 - -1).
17
Evaluate -45 + (115 - 71) - -119.
118
Evaluate (-1 - (0 + 0 + 7)) + (-9 - (-46 + 41)).
-12
Evaluate (48 - 9 - -30 - (5 + -23)) + (-1 - -6).
92
What is the value of (-35 - 3) + (2484 - 2407)?
39
Calculate 4 + 34 + -3 + (-1751 - -1709).
-7
What is the value of 32 - (49 - (17 - -28))?
28
Calculate (0 + 0 - 0) + 63 + 29 + -95.
-3
Evaluate 5 + -6 + -17 + 61 - 8.
35
Evaluate -17 - (1 + 55) - (6 - 11).
-68
Evaluate (-1 - (-7 + 7) - 6) + (1 + 16 - -15).
25
Evaluate (83 - (-42 + 120)) + -36.
-31
What is (2 - (4 - -7)) + (144 - 126) + 75?
84
What is 5768 - 5757 - (-57 + -2)?
70
30 + -7 + (-9 - -28) + (-29 - -14)
27
Calculate 146 + -146 + 6 + 5 - -17.
28
-61 + 71 + -3 + 5 + -13 + 6
5
Calculate 143 + (7 - -75) + -133.
92
What is the value of (-97 - -46) + -17 + 52?
-16
Calculate -24 + (106 - (124 + -21)).
-21
What is the value of -8 + (-22 + 7 - -8) + 14 + 38?
37
Evaluate 5 + (-1 + 3 - (-6 + -4)) + 9 + 4.
30
What is the value of 1 + (52 - -1) - (-17 - ((-33 - 45) + 52))?
45
What is the value of (32 + -6 - 10) + -7 + (-2 - 53)?
-46
-14 - (7 - (30 + -64 - -30))
-25
(-8 - 1) + 6 + -156 + 179
20
What is the value of 27 - (6 - 8) - (468 + -354)?
-85
Evaluate -4 + 2 + (-2 + (5 - 9) + -14 - -10).
-12
Evaluate 49 + (13 - (-17 + 35 - 11)).
55
(-1 - 0) + (1 + -9 - (42 + -8 - 36))
-7
What is the value of (5 - 23) + (23 - 1 - (-1645 + 1674))?
-25
Evaluate 4 - -3 - 13 - (2 + -18).
10
What is the value of (0 - (-9 - -28)) + (62 - 37)?
6
What is the value of -17 + 51 + -32 + -70?
-68
Calculate 7 + (-100 + 21 - (-3 - (-3 - (-11 - -8)))).
-69
-12 + 6 + (-4 - -7) - (36 - 88)
49
Calculate 13 + -1 + (